{"id":7772,"date":"2017-07-04T20:16:18","date_gmt":"2017-07-04T23:16:18","guid":{"rendered":"http:\/\/www.girosgourmet.com.br\/wp-content\/uploads\/2017\/07\/Margherita-Artigianale_Gra\u00e7a-di-Napoli_-cr\u00e9ditos-Lu\u00eds-Simione-2.jpg"},"modified":"2017-07-04T20:16:36","modified_gmt":"2017-07-04T23:16:36","slug":"margherita-artigianale_graca-di-napoli_-creditos-luis-simione-2","status":"inherit","type":"attachment","link":"http:\/\/www.girosgourmet.com.br\/index.php\/organic-food-fest-promove-1o-festival-de-pizzas-organicas\/margherita-artigianale_graca-di-napoli_-creditos-luis-simione-2\/","title":{"rendered":"Margherita Artigianale_Gra\u00e7a di Napoli_ cr\u00e9ditos Lu\u00eds Simione 2"},"author":3,"featured_media":0,"comment_status":"open","ping_status":"closed","template":"","meta":[],"class_list":["post-7772","attachment","type-attachment","status-inherit","hentry"],"description":{"rendered":"<p class=\"attachment\"><a href='http:\/\/www.girosgourmet.com.br\/wp-content\/uploads\/2017\/07\/Margherita-Artigianale_Gra\u00e7a-di-Napoli_-cr\u00e9ditos-Lu\u00eds-Simione-2.jpg'><img loading=\"lazy\" decoding=\"async\" width=\"300\" height=\"200\" src=\"http:\/\/www.girosgourmet.com.br\/wp-content\/uploads\/2017\/07\/Margherita-Artigianale_Gra\u00e7a-di-Napoli_-cr\u00e9ditos-Lu\u00eds-Simione-2-300x200.jpg\" class=\"attachment-medium size-medium\" alt=\"\" srcset=\"http:\/\/www.girosgourmet.com.br\/wp-content\/uploads\/2017\/07\/Margherita-Artigianale_Gra\u00e7a-di-Napoli_-cr\u00e9ditos-Lu\u00eds-Simione-2-300x200.jpg 300w, http:\/\/www.girosgourmet.com.br\/wp-content\/uploads\/2017\/07\/Margherita-Artigianale_Gra\u00e7a-di-Napoli_-cr\u00e9ditos-Lu\u00eds-Simione-2-768x512.jpg 768w, http:\/\/www.girosgourmet.com.br\/wp-content\/uploads\/2017\/07\/Margherita-Artigianale_Gra\u00e7a-di-Napoli_-cr\u00e9ditos-Lu\u00eds-Simione-2.jpg 900w\" sizes=\"auto, (max-width: 300px) 100vw, 300px\" \/><\/a><\/p>\n<iframe src=\"http:\/\/www.facebook.com\/plugins\/like.php?href=http:\/\/www.girosgourmet.com.br\/index.php\/organic-food-fest-promove-1o-festival-de-pizzas-organicas\/margherita-artigianale_graca-di-napoli_-creditos-luis-simione-2\/&amp;layout=standard&amp;show_faces=1&amp;width=450&amp;action=like&amp;colorscheme=light&amp;font=\" scrolling=\"no\" frameborder=\"0\" style=\"border:none; overflow:hidden; width:450px; height:60px\"><\/iframe>"},"caption":{"rendered":"<p>Margherita Artigianale_<\/p>\n"},"alt_text":"","media_type":"image","mime_type":"image\/jpeg","media_details":{"width":900,"height":600,"file":"2017\/07\/Margherita-Artigianale_Gra\u00e7a-di-Napoli_-cr\u00e9ditos-Lu\u00eds-Simione-2.jpg","sizes":{"thumbnail":{"file":"Margherita-Artigianale_Gra\u00e7a-di-Napoli_-cr\u00e9ditos-Lu\u00eds-Simione-2-150x150.jpg","width":150,"height":150,"mime_type":"image\/jpeg","source_url":"http:\/\/www.girosgourmet.com.br\/wp-content\/uploads\/2017\/07\/Margherita-Artigianale_Gra\u00e7a-di-Napoli_-cr\u00e9ditos-Lu\u00eds-Simione-2-150x150.jpg"},"medium":{"file":"Margherita-Artigianale_Gra\u00e7a-di-Napoli_-cr\u00e9ditos-Lu\u00eds-Simione-2-300x200.jpg","width":300,"height":200,"mime_type":"image\/jpeg","source_url":"http:\/\/www.girosgourmet.com.br\/wp-content\/uploads\/2017\/07\/Margherita-Artigianale_Gra\u00e7a-di-Napoli_-cr\u00e9ditos-Lu\u00eds-Simione-2-300x200.jpg"},"medium_large":{"file":"Margherita-Artigianale_Gra\u00e7a-di-Napoli_-cr\u00e9ditos-Lu\u00eds-Simione-2-768x512.jpg","width":768,"height":512,"mime_type":"image\/jpeg","source_url":"http:\/\/www.girosgourmet.com.br\/wp-content\/uploads\/2017\/07\/Margherita-Artigianale_Gra\u00e7a-di-Napoli_-cr\u00e9ditos-Lu\u00eds-Simione-2-768x512.jpg"},"twentyseventeen-thumbnail-avatar":{"file":"Margherita-Artigianale_Gra\u00e7a-di-Napoli_-cr\u00e9ditos-Lu\u00eds-Simione-2-100x100.jpg","width":100,"height":100,"mime_type":"image\/jpeg","source_url":"http:\/\/www.girosgourmet.com.br\/wp-content\/uploads\/2017\/07\/Margherita-Artigianale_Gra\u00e7a-di-Napoli_-cr\u00e9ditos-Lu\u00eds-Simione-2-100x100.jpg"},"full":{"file":"Margherita-Artigianale_Gra\u00e7a-di-Napoli_-cr\u00e9ditos-Lu\u00eds-Simione-2.jpg","width":900,"height":600,"mime_type":"image\/jpeg","source_url":"http:\/\/www.girosgourmet.com.br\/wp-content\/uploads\/2017\/07\/Margherita-Artigianale_Gra\u00e7a-di-Napoli_-cr\u00e9ditos-Lu\u00eds-Simione-2.jpg"}},"image_meta":{"aperture":"7.1","credit":"Beto Riginik","camera":"Canon EOS 5D Mark II","caption":"","created_timestamp":"1498586477","copyright":"Lu\u00eds Simione","focal_length":"105","iso":"400","shutter_speed":"0.02","title":"","orientation":"1","keywords":[]}},"post":7770,"source_url":"http:\/\/www.girosgourmet.com.br\/wp-content\/uploads\/2017\/07\/Margherita-Artigianale_Gra\u00e7a-di-Napoli_-cr\u00e9ditos-Lu\u00eds-Simione-2.jpg","_links":{"self":[{"href":"http:\/\/www.girosgourmet.com.br\/index.php\/wp-json\/wp\/v2\/media\/7772","targetHints":{"allow":["GET"]}}],"collection":[{"href":"http:\/\/www.girosgourmet.com.br\/index.php\/wp-json\/wp\/v2\/media"}],"about":[{"href":"http:\/\/www.girosgourmet.com.br\/index.php\/wp-json\/wp\/v2\/types\/attachment"}],"author":[{"embeddable":true,"href":"http:\/\/www.girosgourmet.com.br\/index.php\/wp-json\/wp\/v2\/users\/3"}],"replies":[{"embeddable":true,"href":"http:\/\/www.girosgourmet.com.br\/index.php\/wp-json\/wp\/v2\/comments?post=7772"}]}}

http://www.girosgourmet.com.br/wp-content/uploads/2017/07/Margherita-Artigianale_Graça-di-Napoli_-créditos-Luís-Simione-2.jpg

Margherita Artigianale_Graça di Napoli_ créditos Luís Simione 2

<p class="attachment"><a href='http://www.girosgourmet.com.br/wp-content/uploads/2017/07/Margherita-Artigianale_Graça-di-Napoli_-créditos-Luís-Simione-2.jpg'><img loading="lazy" decoding="async" width="300" height="200" src="http://www.girosgourmet.com.br/wp-content/uploads/2017/07/Margherita-Artigianale_Graça-di-Napoli_-créditos-Luís-Simione-2-300x200.jpg" class="attachment-medium size-medium" alt="" srcset="http://www.girosgourmet.com.br/wp-content/uploads/2017/07/Margherita-Artigianale_Graça-di-Napoli_-créditos-Luís-Simione-2-300x200.jpg 300w, http://www.girosgourmet.com.br/wp-content/uploads/2017/07/Margherita-Artigianale_Graça-di-Napoli_-créditos-Luís-Simione-2-768x512.jpg 768w, http://www.girosgourmet.com.br/wp-content/uploads/2017/07/Margherita-Artigianale_Graça-di-Napoli_-créditos-Luís-Simione-2.jpg 900w" sizes="auto, (max-width: 300px) 100vw, 300px" /></a></p>
<iframe src="http://www.facebook.com/plugins/like.php?href=http://www.girosgourmet.com.br/index.php/organic-food-fest-promove-1o-festival-de-pizzas-organicas/margherita-artigianale_graca-di-napoli_-creditos-luis-simione-2/&amp;layout=standard&amp;show_faces=1&amp;width=450&amp;action=like&amp;colorscheme=light&amp;font=" scrolling="no" frameborder="0" style="border:none; overflow:hidden; width:450px; height:60px"></iframe>

2017/07/Margherita-Artigianale_Graça-di-Napoli_-créditos-Luís-Simione-2.jpg

Margherita-Artigianale_Graça-di-Napoli_-créditos-Luís-Simione-2-150x150.jpg

http://www.girosgourmet.com.br/wp-content/uploads/2017/07/Margherita-Artigianale_Graça-di-Napoli_-créditos-Luís-Simione-2-150x150.jpg

Margherita-Artigianale_Graça-di-Napoli_-créditos-Luís-Simione-2-300x200.jpg

http://www.girosgourmet.com.br/wp-content/uploads/2017/07/Margherita-Artigianale_Graça-di-Napoli_-créditos-Luís-Simione-2-300x200.jpg

Margherita-Artigianale_Graça-di-Napoli_-créditos-Luís-Simione-2-768x512.jpg

http://www.girosgourmet.com.br/wp-content/uploads/2017/07/Margherita-Artigianale_Graça-di-Napoli_-créditos-Luís-Simione-2-768x512.jpg

Margherita-Artigianale_Graça-di-Napoli_-créditos-Luís-Simione-2-100x100.jpg

http://www.girosgourmet.com.br/wp-content/uploads/2017/07/Margherita-Artigianale_Graça-di-Napoli_-créditos-Luís-Simione-2-100x100.jpg

Margherita-Artigianale_Graça-di-Napoli_-créditos-Luís-Simione-2.jpg

Luís Simione
