{"id":7771,"date":"2017-07-04T20:15:04","date_gmt":"2017-07-04T23:15:04","guid":{"rendered":"http:\/\/www.girosgourmet.com.br\/wp-content\/uploads\/2017\/07\/gra\u00e7a-di-napolli_ambiente_cr\u00e9ditos-tadeu-brunelli_bx.jpg"},"modified":"2017-07-04T20:15:06","modified_gmt":"2017-07-04T23:15:06","slug":"www-tbfoto-com-brgraca-di-napolli-spsp-05072014foto-t","status":"inherit","type":"attachment","link":"http:\/\/www.girosgourmet.com.br\/index.php\/organic-food-fest-promove-1o-festival-de-pizzas-organicas\/www-tbfoto-com-brgraca-di-napolli-spsp-05072014foto-t\/","title":{"rendered":"www.tbfoto.com.brGRA\u00c7A DI NAPOLLI &#8211; SP\/SP &#8211; 05\/07\/2014Foto: T"},"author":3,"featured_media":0,"comment_status":"open","ping_status":"closed","template":"","meta":[],"class_list":["post-7771","attachment","type-attachment","status-inherit","hentry"],"description":{"rendered":"<p class=\"attachment\"><a href='http:\/\/www.girosgourmet.com.br\/wp-content\/uploads\/2017\/07\/gra\u00e7a-di-napolli_ambiente_cr\u00e9ditos-tadeu-brunelli_bx.jpg'><img loading=\"lazy\" decoding=\"async\" width=\"300\" height=\"198\" src=\"http:\/\/www.girosgourmet.com.br\/wp-content\/uploads\/2017\/07\/gra\u00e7a-di-napolli_ambiente_cr\u00e9ditos-tadeu-brunelli_bx-300x198.jpg\" class=\"attachment-medium size-medium\" alt=\"\" srcset=\"http:\/\/www.girosgourmet.com.br\/wp-content\/uploads\/2017\/07\/gra\u00e7a-di-napolli_ambiente_cr\u00e9ditos-tadeu-brunelli_bx-300x198.jpg 300w, http:\/\/www.girosgourmet.com.br\/wp-content\/uploads\/2017\/07\/gra\u00e7a-di-napolli_ambiente_cr\u00e9ditos-tadeu-brunelli_bx-768x507.jpg 768w, http:\/\/www.girosgourmet.com.br\/wp-content\/uploads\/2017\/07\/gra\u00e7a-di-napolli_ambiente_cr\u00e9ditos-tadeu-brunelli_bx-1024x676.jpg 1024w, http:\/\/www.girosgourmet.com.br\/wp-content\/uploads\/2017\/07\/gra\u00e7a-di-napolli_ambiente_cr\u00e9ditos-tadeu-brunelli_bx.jpg 1500w\" sizes=\"auto, (max-width: 300px) 100vw, 300px\" \/><\/a><\/p>\n<iframe src=\"http:\/\/www.facebook.com\/plugins\/like.php?href=http:\/\/www.girosgourmet.com.br\/index.php\/organic-food-fest-promove-1o-festival-de-pizzas-organicas\/www-tbfoto-com-brgraca-di-napolli-spsp-05072014foto-t\/&amp;layout=standard&amp;show_faces=1&amp;width=450&amp;action=like&amp;colorscheme=light&amp;font=\" scrolling=\"no\" frameborder=\"0\" style=\"border:none; overflow:hidden; width:450px; height:60px\"><\/iframe>"},"caption":{"rendered":"<p>www.tbfoto.com.br<br \/>\nGRA\u00c7A DI NAPOLLI &#8211; SP\/SP &#8211; 05\/07\/2014<br \/>\nFoto: Tadeu Brunelli<br \/>\nATENCAO: Toda foto deve ser publicada com o credito do autor, na sua integra sem cortes ou modificacoes, de acordo com a Lei N\u00ba 9.610 de 19\/02\/1998.<\/p>\n"},"alt_text":"","media_type":"image","mime_type":"image\/jpeg","media_details":{"width":1500,"height":990,"file":"2017\/07\/gra\u00e7a-di-napolli_ambiente_cr\u00e9ditos-tadeu-brunelli_bx.jpg","sizes":{"thumbnail":{"file":"gra\u00e7a-di-napolli_ambiente_cr\u00e9ditos-tadeu-brunelli_bx-150x150.jpg","width":150,"height":150,"mime_type":"image\/jpeg","source_url":"http:\/\/www.girosgourmet.com.br\/wp-content\/uploads\/2017\/07\/gra\u00e7a-di-napolli_ambiente_cr\u00e9ditos-tadeu-brunelli_bx-150x150.jpg"},"medium":{"file":"gra\u00e7a-di-napolli_ambiente_cr\u00e9ditos-tadeu-brunelli_bx-300x198.jpg","width":300,"height":198,"mime_type":"image\/jpeg","source_url":"http:\/\/www.girosgourmet.com.br\/wp-content\/uploads\/2017\/07\/gra\u00e7a-di-napolli_ambiente_cr\u00e9ditos-tadeu-brunelli_bx-300x198.jpg"},"medium_large":{"file":"gra\u00e7a-di-napolli_ambiente_cr\u00e9ditos-tadeu-brunelli_bx-768x507.jpg","width":768,"height":507,"mime_type":"image\/jpeg","source_url":"http:\/\/www.girosgourmet.com.br\/wp-content\/uploads\/2017\/07\/gra\u00e7a-di-napolli_ambiente_cr\u00e9ditos-tadeu-brunelli_bx-768x507.jpg"},"large":{"file":"gra\u00e7a-di-napolli_ambiente_cr\u00e9ditos-tadeu-brunelli_bx-1024x676.jpg","width":1024,"height":676,"mime_type":"image\/jpeg","source_url":"http:\/\/www.girosgourmet.com.br\/wp-content\/uploads\/2017\/07\/gra\u00e7a-di-napolli_ambiente_cr\u00e9ditos-tadeu-brunelli_bx-1024x676.jpg"},"twentyseventeen-thumbnail-avatar":{"file":"gra\u00e7a-di-napolli_ambiente_cr\u00e9ditos-tadeu-brunelli_bx-100x100.jpg","width":100,"height":100,"mime_type":"image\/jpeg","source_url":"http:\/\/www.girosgourmet.com.br\/wp-content\/uploads\/2017\/07\/gra\u00e7a-di-napolli_ambiente_cr\u00e9ditos-tadeu-brunelli_bx-100x100.jpg"},"full":{"file":"gra\u00e7a-di-napolli_ambiente_cr\u00e9ditos-tadeu-brunelli_bx.jpg","width":1500,"height":990,"mime_type":"image\/jpeg","source_url":"http:\/\/www.girosgourmet.com.br\/wp-content\/uploads\/2017\/07\/gra\u00e7a-di-napolli_ambiente_cr\u00e9ditos-tadeu-brunelli_bx.jpg"}},"image_meta":{"aperture":"2.8","credit":"Foto: Tadeu Brunelli","camera":"NIKON D4","caption":"www.tbfoto.com.br\rGRA\u00c7A DI NAPOLLI - SP\/SP - 05\/07\/2014\rFoto: Tadeu Brunelli\rATENCAO: Toda foto deve ser publicada com o credito do autor, na sua integra sem cortes ou modificacoes, de acordo com a Lei N\u00ba 9.610 de 19\/02\/1998.","created_timestamp":"1404601887","copyright":"www.tbfoto.com.br","focal_length":"24","iso":"800","shutter_speed":"0.0333333333333","title":"www.tbfoto.com.br\rGRA\u00c7A DI NAPOLLI - SP\/SP - 05\/07\/2014\rFoto: T","orientation":"1","keywords":[]}},"post":7770,"source_url":"http:\/\/www.girosgourmet.com.br\/wp-content\/uploads\/2017\/07\/gra\u00e7a-di-napolli_ambiente_cr\u00e9ditos-tadeu-brunelli_bx.jpg","_links":{"self":[{"href":"http:\/\/www.girosgourmet.com.br\/index.php\/wp-json\/wp\/v2\/media\/7771","targetHints":{"allow":["GET"]}}],"collection":[{"href":"http:\/\/www.girosgourmet.com.br\/index.php\/wp-json\/wp\/v2\/media"}],"about":[{"href":"http:\/\/www.girosgourmet.com.br\/index.php\/wp-json\/wp\/v2\/types\/attachment"}],"author":[{"embeddable":true,"href":"http:\/\/www.girosgourmet.com.br\/index.php\/wp-json\/wp\/v2\/users\/3"}],"replies":[{"embeddable":true,"href":"http:\/\/www.girosgourmet.com.br\/index.php\/wp-json\/wp\/v2\/comments?post=7771"}]}}

http://www.girosgourmet.com.br/wp-content/uploads/2017/07/graça-di-napolli_ambiente_créditos-tadeu-brunelli_bx.jpg

www.tbfoto.com.brGRAÇA DI NAPOLLI &#8211; SP/SP &#8211; 05/07/2014Foto: T

<p class="attachment"><a href='http://www.girosgourmet.com.br/wp-content/uploads/2017/07/graça-di-napolli_ambiente_créditos-tadeu-brunelli_bx.jpg'><img loading="lazy" decoding="async" width="300" height="198" src="http://www.girosgourmet.com.br/wp-content/uploads/2017/07/graça-di-napolli_ambiente_créditos-tadeu-brunelli_bx-300x198.jpg" class="attachment-medium size-medium" alt="" srcset="http://www.girosgourmet.com.br/wp-content/uploads/2017/07/graça-di-napolli_ambiente_créditos-tadeu-brunelli_bx-300x198.jpg 300w, http://www.girosgourmet.com.br/wp-content/uploads/2017/07/graça-di-napolli_ambiente_créditos-tadeu-brunelli_bx-768x507.jpg 768w, http://www.girosgourmet.com.br/wp-content/uploads/2017/07/graça-di-napolli_ambiente_créditos-tadeu-brunelli_bx-1024x676.jpg 1024w, http://www.girosgourmet.com.br/wp-content/uploads/2017/07/graça-di-napolli_ambiente_créditos-tadeu-brunelli_bx.jpg 1500w" sizes="auto, (max-width: 300px) 100vw, 300px" /></a></p>
<iframe src="http://www.facebook.com/plugins/like.php?href=http://www.girosgourmet.com.br/index.php/organic-food-fest-promove-1o-festival-de-pizzas-organicas/www-tbfoto-com-brgraca-di-napolli-spsp-05072014foto-t/&amp;layout=standard&amp;show_faces=1&amp;width=450&amp;action=like&amp;colorscheme=light&amp;font=" scrolling="no" frameborder="0" style="border:none; overflow:hidden; width:450px; height:60px"></iframe>

<p>www.tbfoto.com.br<br />
GRAÇA DI NAPOLLI &#8211; SP/SP &#8211; 05/07/2014<br />
Foto: Tadeu Brunelli<br />
ATENCAO: Toda foto deve ser publicada com o credito do autor, na sua integra sem cortes ou modificacoes, de acordo com a Lei Nº 9.610 de 19/02/1998.</p>

2017/07/graça-di-napolli_ambiente_créditos-tadeu-brunelli_bx.jpg

graça-di-napolli_ambiente_créditos-tadeu-brunelli_bx-150x150.jpg

http://www.girosgourmet.com.br/wp-content/uploads/2017/07/graça-di-napolli_ambiente_créditos-tadeu-brunelli_bx-150x150.jpg

graça-di-napolli_ambiente_créditos-tadeu-brunelli_bx-300x198.jpg

http://www.girosgourmet.com.br/wp-content/uploads/2017/07/graça-di-napolli_ambiente_créditos-tadeu-brunelli_bx-300x198.jpg

graça-di-napolli_ambiente_créditos-tadeu-brunelli_bx-768x507.jpg

http://www.girosgourmet.com.br/wp-content/uploads/2017/07/graça-di-napolli_ambiente_créditos-tadeu-brunelli_bx-768x507.jpg

graça-di-napolli_ambiente_créditos-tadeu-brunelli_bx-1024x676.jpg

http://www.girosgourmet.com.br/wp-content/uploads/2017/07/graça-di-napolli_ambiente_créditos-tadeu-brunelli_bx-1024x676.jpg

graça-di-napolli_ambiente_créditos-tadeu-brunelli_bx-100x100.jpg

http://www.girosgourmet.com.br/wp-content/uploads/2017/07/graça-di-napolli_ambiente_créditos-tadeu-brunelli_bx-100x100.jpg

graça-di-napolli_ambiente_créditos-tadeu-brunelli_bx.jpg

www.tbfoto.com.brGRAÇA DI NAPOLLI - SP/SP - 05/07/2014Foto: Tadeu BrunelliATENCAO: Toda foto deve ser publicada com o credito do autor, na sua integra sem cortes ou modificacoes, de acordo com a Lei Nº 9.610 de 19/02/1998.

www.tbfoto.com.brGRAÇA DI NAPOLLI - SP/SP - 05/07/2014Foto: T
